*2 - 3*i - 4. Calculate the remainder when u(0) is divided by w(-5).
10
Let r be -2 - (-5)/((-5)/(-4)). Calculate the remainder when 15 is divided by -2 - (-2 - r) - -6.
7
Let r(a) = a**3 + 4*a**2 - 4*a - 2. Suppose -2*i - 2*b + 41 = -9, 5*i - 2*b = 139. What is the remainder when i is divided by r(-4)?
13
Let k(v) = -v**3 - 6*v**2 - 8*v - 4. What is the remainder when -2*(4 - 156/8) is divided by k(-5)?
9
Let t = 44 - 22. Let j = -11 + t. Suppose 0*k = -k + j. What is the remainder when 32 is divided by k?
10
Suppose 0*d - 44 = -3*b + d, -2*b = -4*d - 26. What is the remainder when 27 is divided by b?
12
Calculate the remainder when 1 is divided by 2/(-8) + 55/44.
0
Let h = 34 + 30. Let k = h - 11. What is the remainder when k is divided by 14?
11
Let l = -526 - -1018. Suppose 6*g + 0*g = l. What is the remainder when g is divided by 28?
26
Let x be (-265)/(-55) - 2/(-11). Suppose w - x*w = -20. Let p = w - -2. Calculate the remainder when 20 is divided by p.
6
Let d(f) = -f**3 - 13*f**2 - 14*f + 7. Calculate the remainder when d(-12) is divided by 8.
7
Suppose -4*m = -165 - 75. What is the remainder when m is divided by 21?
18
Suppose 3*g - 33 = -5*d + 2*g, -1 = -d - 3*g. Let o = -138 + 203. Suppose 0 = -3*n - 2*n + o. Calculate the remainder when n is divided by d.
6
Suppose -1 = -t + 3*x + 3, -2*x + 16 = 2*t. Calculate the remainder when 18 is divided by t.
4
Let c = 30 - 8. Let j = c + -6. Calculate the remainder when j is divided by 6.
4
Suppose -5*y - 18 = -d - 0*y, -3*y = d - 18. Suppose -2*w = -6 - d. Calculate the remainder when w is divided by 5.
2
Let i(p) = p**3 + 5*p**2 + 2*p - 8. Let c(g) = -g**3 - 5*g**2 - 2*g + 7. Let q(h) = -4*c(h) - 3*i(h). What is the remainder when q(-3) is divided by 5?
3
Let z(x) = -x**2 - 5*x + 9. Let y be z(-7). Let b = y + 11. Suppose -18 = -b*w + 4*w. What is the remainder when 17 is divided by w?
8
Suppose 26 = 4*y - 2*y. Suppose o = -5*i - 0*o + 178, 0 = 5*o + 10. Calculate the remainder when i is divided by y.
10
Suppose 0 = -4*l - 5*n + 2, -l - 8 = -5*n + 4. Let f(o) = 11*o**2 - 1. Calculate the remainder when f(l) is divided by 11.
10
Let l(c) = c**3 - 3*c**2 - 2*c + 1. Let v be l(4). Let r = -8 - 18. Let b = v - r. What is the remainder when b is divided by 12?
11
Let c = -3 - -6. Calculate the remainder when 17 is divided by 5*(c - (2 + 0)).
2
Suppose 2*m + 2*m = -32. Suppose -7 - 3 = -q. What is the remainder when ((-57)/(-12))/((-2)/m) is divided by q?
9
Let d = 9 + -9. What is the remainder when 24 is divided by 1 + (8 - (d + 0))?
6
Let b(x) = -x**2 - 7*x - 3. Let p be b(-3). Calculate the remainder when 446/18 + 2/p is divided by 9.
7
Let y = -11 + 14. Calculate the remainder when 5 is divided by y.
2
Suppose -3*l - 21 = -3*u, -3*u + 4*u + 3*l = 3. Suppose 3*z - 3 = u. Suppose -v - 5 = -5*p, -7 = -5*p + 3. Calculate the remainder when v is divided by z.
2
Let w be 3*-1 + (143 - -2). Suppose 4*g = -22 + w. What is the remainder when 46 is divided by g/(-4)*16/(-10)?
10
What is the remainder when (-108)/(-12) + (0 - 2) is divided by 2?
1
What is the remainder when (2 - 6) + 2 - -100 is divided by (-2 - (-49 + -3))*(-1)/(-2)?
23
Suppose -124 = -4*l - 4*x, -5*l + 7*x = 2*x - 105. What is the remainder when 75 is divided by l?
23
Let i be 3*(-2 + 16/6). Suppose -4*d - 58 = -s - s, 0 = -4*s - i*d + 86. What is the remainder when 112 is divided by s?
20
Let z(f) = -f + 21*f**3 - 3*f - 1 + 3*f. Let a be z(2). Suppose 0*h = -5*h + a. Calculate the remainder when h is divided by 9.
6
What is the remainder when 8 is divided by (-17)/6 + 12/(-72) - -8?
3
Suppose -g - 4*g + 560 = 0. What is the remainder when g is divided by 19?
17
What is the remainder when -8*(54/(-8) - 1) is divided by 21?
20
Let f(r) = -r**2 - 29*r - 58. What is the remainder when 29 is divided by f(-26)?
9
Suppose -269 = -y - 3*y - 5*g, 0 = 2*y - 2*g - 148. Calculate the remainder when y is divided by 18.
17
Let a(n) = -4*n - 2. Let w(d) = -1. Let x(v) = -a(v) + 3*w(v). Suppose 3*t + 4*u = 117, -3*t - u + 212 = 2*t. What is the remainder when t is divided by x(4)?
13
Suppose -2*d + u + 4 + 120 = 0, -310 = -5*d + 3*u. Calculate the remainder when d is divided by 32.
30
Let g(x) = -x**2 + 4*x + 21. Suppose 0*a - 132 = -4*a. Calculate the remainder when a is divided by g(6).
6
What is the remainder when 78 is divided by 6/18 - (-177)/9?
18
Let r be ((0 + 0)/(-3))/(-2). Suppose -3*w + 2*y + 6 = -2, 3*w - 3*y - 9 = r. Suppose w = -5*a + 32. Calculate the remainder when 17 is divided by a.
5
Suppose d + 134 = 3*l + 5*d, -l - 2*d = -42. What is the remainder when l is divided by 14?
8
Calculate the remainder when 236/2 - 4*-1 is divided by 31.
29
Suppose -5*t - 4*d = 32 + 53, 5*t + 2*d + 95 = 0. What is the remainder when 6/t + (-1686)/(-21) is divided by 27?
26
Suppose s + 2*c = -0*s + 37, -3*s - 3*c + 111 = 0. What is the remainder when 146 is divided by s?
35
Suppose 4*s = 4*i + 56, -2*s + 5*i - 28 = -4*s. Calculate the remainder when 27 is divided by s.
13
Suppose -136 + 454 = 6*n. What is the remainder when 264 is divided by n?
52
Suppose -l + 19 = 4*f, -f - 2*l = -5*l + 5. Calculate the remainder when 7 is divided by f.
3
Let o(i) = i + 3. Let r be o(-3). Let k = 4 + r. Suppose g + 2 = c, g + 5*c - 31 = -g. What is the remainder when k is divided by g?
1
Let l(t) = -2*t + 1. Suppose 0 = -4*b, 4*o + 7 - 23 = -2*b. What is the remainder when l(-4) is divided by o?
1
Suppose 2 = -r, 6*y - 3*y + 4*r - 10 = 0. Suppose q + 3*q - 48 = 0. Let n = q + -8. Calculate the remainder when y is divided by n.
2
Let o be (-3 - -3) + 3 - 8. Let s = 1 - o. What is the remainder when s is divided by 4?
2
Let r = 8 - 0. Suppose -b + k = -5, r*b + k = 3*b + 7. What is the remainder when 6 is divided by b?
0
Suppose -h = -3*q + 38 - 9, 3*h + 15 = 0. Calculate the remainder when 47 is divided by q.
7
Suppose -5*t - 8 - 2 = -u, 0 = -t - 5*u - 2. Calculate the remainder when 32 is divided by ((-77)/14)/(1/t).
10
Let o be -2 + -1 + (-8)/(-4). Let i(q) = 9*q**2 - 1. What is the remainder when i(o) is divided by 5?
3
Let c(i) = i**3 + 6*i**2 + 5*i + 4. Let p be c(-4). Let x = p + -7. What is the remainder when 35 is divided by x?
8
Let r(q) = 13 + 18 - 13 + q. Let t = 18 - -5. Calculate the remainder when t is divided by r(-6).
11
Suppose 5*l + 27 - 127 = 0. Let h(q) = q**3 - 8*q**2 + 6*q - 9. Calculate the remainder when h(8) is divided by l.
19
Suppose -2*b + 0*i + 2*i = -28, 2*b = 4*i + 18. Calculate the remainder when 111 is divided by b.
16
Let c be 2/7 - (-8)/(-28). Suppose -3*q + 39 - 9 = c. Calculate the remainder when 28 is divided by q.
8
Let b = -57 + 82. What is the remainder when 122 is divided by b?
22
Suppose 4*k + 88 = 8*k. What is the remainder when 84 is divided by k?
18
Let m(c) = c**3 + 7*c**2 - 8*c + 6. Calculate the remainder when 16 is divided by m(-8).
4
Suppose 10*a - 12 = -2. Calculate the remainder when 4 is divided by a.
0
Let q = 8 + -5. Calculate the remainder when q is divided by (-2)/(-4)*2*2.
1
Suppose 0 = -x + 2*x - 2. Suppose -r - 2*d + 22 = 0, x*r + 2*d = -d + 43. What is the remainder when 38 is divided by r?
18
Suppose -3*g = 96 - 315. Calculate the remainder when g is divided by 15.
13
Suppose 0 = 2*c - 5 - 15. Let a = c - -4. Calculate the remainder when a is divided by 8.
6
What is the remainder when (-416)/(-14) - 4/(-14) is divided by (-2)/7 + 114/7?
14
Suppose -2*v - 3 = -5*v. Let n = v + 9. What is the remainder when (-1)/4 + 298/8 is divided by n?
7
Suppose -4*n + r + 2 + 9 = 0, 5*n - 30 = -2*r. Let q(v) = v + 7. Calculate the remainder when q(0) is divided by n.
3
Let b(t) = 3*t**2 + 5*t. Let u(z) = -z**2 + 8*z + 3. Let n = 21 - 14. What is the remainder when b(-4) is divided by u(n)?
8
Suppose 0 = -19*g + 22*g - 9. Calculate the remainder when 21 is divided by g.
0
Suppose -q + 2*i + 48 = 3*q, -4*q + 36 = -5*i. Calculate the remainder when 39 is divided by q.
11
What is the remainder when 17 is divided by ((-2)/(-4))/(7/98)?
3
Let j = 17 + 23. What is the remainder when j is divided by 14?
12
Let p(b) = 4*b**3 - b**2 - 3*b. Let c be p(3). Suppose -5*n = -0*n - c. What is the remainder when ((-2)/(-6))/(2/318) is divided by n?
17
Suppose 100 = -2*z + 4*z. Let u(m) = -5*m + 1. Calculate the remainder when z is